(-27).
-2097
Let i(z) = 3*z**2 + 341*z + 5383. Determine i(-19).
-13
Let y(l) = 3*l**3 + 50*l**2 - 11*l - 42. Calculate y(-18).
-1140
Let l(r) = -r**3 - 4*r**2 - 163226*r - 979431. Determine l(-6).
-3
Let h(r) = -617*r + 249. Give h(1).
-368
Let q(s) = -s**2 - 35080*s - 2799994. What is q(-80)?
6
Let q(g) = -1264*g + 968152. Determine q(766).
-72
Let j(w) = -w**3 - 37*w**2 + 38*w + 68. Determine j(-37).
-1338
Let d(f) = -5179*f - 1569237. Calculate d(-303).
0
Let n(u) = -235*u**2 - 19921*u + 43. Calculate n(-85).
-4547
Let h(x) = x**2 - 34650*x - 242594. What is h(-7)?
5
Let p(j) = -564*j + 56236. Give p(99).
400
Let j(k) = k**2 + 1146*k - 555274. Calculate j(367).
-3
Let z(n) = -5*n**3 - 26*n**2 + 15*n + 116. What is z(-5)?
16
Let i(k) = -k**3 + 178*k**2 - 7503*k + 2506. What is i(110)?
-24
Let q(f) = 4*f**3 + 169*f**2 + 937*f - 10. Give q(-6).
-412
Let r(t) = 277*t - 3293. Determine r(16).
1139
Let v(r) = -5*r**3 + 143*r**2 - 588*r - 4. Calculate v(5).
6
Let y(k) = -k**2 - 359*k - 22704. Determine y(-82).
10
Let s(a) = -21825*a - 112069. Give s(-5).
-2944
Let s(m) = -m**2 - 25*m + 273. Calculate s(-58).
-1641
Let l(s) = -420*s**2 + 126418*s + 570. Give l(301).
-32
Let c(t) = 13*t**3 + 36*t**2 + 48*t + 15. Calculate c(-1).
-10
Let s(a) = -537*a - 9825. Determine s(-13).
-2844
Let s(x) = 3*x**2 + 1283*x + 136746. Calculate s(-226).
16
Let r(f) = -177*f**2 + 3724*f + 77993. Give r(34).
-3
Let p(n) = -7205*n - 43198. Calculate p(-6).
32
Let k(r) = 11*r**3 + 63*r**2 - 815*r - 3318. What is k(-4)?
246
Let u(i) = -2*i**3 - 866*i**2 - 560*i + 131346. What is u(-432)?
18
Let r(l) = -2*l**2 - 123015*l - 861001. Give r(-7).
6
Let q(z) = -z**3 + 78*z**2 - 683*z + 145. Give q(68).
-59
Let x(j) = 470358*j - 6585012. Calculate x(14).
0
Let n(k) = -2*k**3 - 264*k**2 - 8200*k + 11. What is n(-50)?
11
Let s(c) = -20151*c - 80602. What is s(-4)?
2
Let h(d) = -d**3 - 5*d**2 + 374*d + 598. Determine h(22).
-4242
Let a(y) = 15*y**3 - 476*y**2 - 67*y - 107. What is a(32)?
1845
Let b(x) = -1982*x + 3171. Determine b(5).
-6739
Let t(h) = -h**3 - 1013*h**2 - 11036*h - 13998. What is t(-1002)?
30
Let a(u) = -u**2 - 106*u - 2660. Determine a(-52).
148
Let r(n) = -47*n**2 + 4204*n - 4204. Determine r(1).
-47
Let s(r) = -1177*r + 114508. Calculate s(97).
339
Let q(t) = 3*t**3 - 353*t**2 - 1555*t + 41743. Calculate q(121).
-2
Let p(s) = -5*s**3 + 369*s**2 - 2630*s - 23. Give p(8).
-7
Let z(k) = -2*k**3 - 82*k**2 + 4*k + 249. Calculate z(0).
249
Let z(r) = 2438836*r - 80481598. Determine z(33).
-10
Let y(z) = -256158*z - 15625636. What is y(-61)?
2
Let v(j) = j**3 + 297*j**2 - 16163*j + 1723. What is v(-344)?
3
Let p(v) = 29*v**2 + 164*v - 848. Give p(9).
2977
Let s(t) = 508*t + 26054. What is s(-51)?
146
Let b(a) = 5060*a - 70814. Determine b(14).
26
Let i(p) = p**3 + 214*p**2 + 830*p - 139. What is i(-210)?
1961
Let b(i) = i**2 + 877*i + 190728. What is b(-399)?
6
Let u(w) = -3*w**3 + 324*w**2 - 302*w - 2029. Determine u(107).
4
Let i(q) = q**3 + 31*q**2 - 36*q + 181. What is i(-34)?
-2063
Let h(x) = -17*x**2 + 746*x - 2249. Give h(3).
-164
Let v(x) = 4*x**2 + 46*x - 83. Calculate v(-13).
-5
Let i(y) = -16582*y + 248120. Give i(15).
-610
Let m(l) = 12310*l - 110834. Give m(9).
-44
Let k(a) = -1543*a**2 - 331745*a + 5. Determine k(-215).
5
Let f(p) = -7556*p**2 + 1752996*p - 930. Calculate f(232).
-2
Let z(d) = 18*d**3 - 3*d**2 - 6331*d + 12670. What is z(2)?
140
Let l(d) = 2099*d - 65139. Give l(31).
-70
Let h(y) = 5222*y + 819853. Give h(-157).
-1
Let y(b) = 5*b**3 - 2461*b**2 + 246*b + 121031. Give y(492).
-1
Let l(w) = -2*w**3 + 289*w**2 + 22448*w - 475. Give l(-56).
-27
Let j(z) = 3*z**3 + 16*z**2 - 5*z + 33. What is j(-10)?
-1317
Let g(v) = 7*v**3 + 92*v**2 - 1707*v - 22364. Calculate g(-13).
-4
Let i(l) = 11*l**2 - 2091*l + 37404. Calculate i(20).
-16
Let i(k) = 178*k**2 + 52*k + 44. Give i(-1).
170
Let y(w) = -w**3 - 373*w**2 + 238*w - 50868. What is y(-374)?
-4
Let o(s) = -4523*s + 1067430. Give o(236).
2
Let x(d) = -10095*d - 21258. What is x(-2)?
-1068
Let a(f) = 9*f**3 + 4676*f**2 - 2088*f - 4172. Calculate a(-520).
-12
Let d(m) = 543*m**2 - 10856*m - 84. Calculate d(20).
-4
Let b(k) = 28*k**3 + 2*k**2 - 4*k - 8. Determine b(-1).
-30
Let h(u) = 2*u**2 + 145*u - 2461. Calculate h(28).
3167
Let h(o) = -o**3 - 28*o**2 - 35*o - 386. What is h(-28)?
594
Let v(w) = w**2 + 184*w + 4842. What is v(-32)?
-22
Let n(b) = b**2 - 1178*b + 12933. Calculate n(11).
96
Let c(m) = -m**2 + 199*m - 37. Give c(0).
-37
Let y(s) = -22*s**2 - 597*s + 90522. What is y(52)?
-10
Let d(i) = -3790*i + 34387. Calculate d(9).
277
Let s(v) = 25183*v**2 + 2770134*v + 424. Calculate s(-110).
-16
Let r(q) = 24852*q - 2957441. Give r(119).
-53
Let m(v) = -26383*v + 290481. Give m(11).
268
Let y(b) = 18*b**2 + 43*b - 3229. Determine y(12).
-121
Let q(z) = 1325*z - 4710. What is q(3)?
-735
Let b(f) = 55*f**2 - 122*f + 54. Calculate b(1).
-13
Let y(d) = -d**3 + 13*d**2 + 24*d - 261. Calculate y(0).
-261
Let d(m) = 484*m**2 - 97768*m + 88. Give d(202).
88
Let t(p) = 1696*p + 22053. Determine t(-13).
5
Let b(o) = 3*o**2 - 109*o - 65. Calculate b(43).
795
Let t(y) = -2*y**2 + 160*y - 3149. Calculate t(50).
-149
Let b(q) = -2*q**3 - 11*q**2 - 3*q - 159. Determine b(-6).
-105
Let d(n) = -4*n**2 + 2127*n - 235994. Give d(374).
0
Let a(m) = 645*m + 6372. Determine a(-10).
-78
Let s(r) = 62136*r - 186415. Determine s(3).
-7
Let c(w) = -33*w**2 - 2679*w - 3144. Determine c(-80).
-24
Let s(d) = 2766510*d - 27665100. What is s(10)?
0
Let h(n) = -n**3 - 61*n**2 - 463*n - 375. Give h(-52).
-635
Let f(y) = y**3 + 8*y**2 + 128*y + 1798. Determine f(-11).
27
Let s(f) = -20*f**3 - 55*f**2 + 42*f + 96. What is s(-4)?
328
Let l(k) = -549*k + 23577. Calculate l(43).
-30
Let q(k) = -127924*k + 2558519. What is q(20)?
39
Let q(i) = -i**2 + 67*i + 1548. Give q(99).
-1620
Let l(p) = p**2 - 2025*p - 118675. Calculate l(-57).
-1
Let u(d) = -d**3 - 11*d**2 + 485*d - 1137. Calculate u(-30).
1413
Let i(o) = -288*o - 156291. Determine i(-543).
93
Let j(v) = v**3 - 40*v**2 - 114*v - 3965. What is j(45)?
1030
Let b(c) = 18746*c + 56255. What is b(-3)?
17
Let q(b) = -2*b**2 - 204*b - 2177. Give q(-90).
-17
Let r(g) = 23171*g + 1089043. What is r(-47)?
6
Let y(n) = n**2 + 102*n - 5029. Determine y(49).
2370
Let u(g) = g**2 + 17895*g + 1141176. What is u(-64)?
-8
Let a(r) = -r**3 - 39*r**2 + 3905*r - 407. Determine a(-85).
18
Let d(y) = -9408*y + 47016. Determine d(5).
-24
Let h(w) = -w**2 + 176*w + 940. Give h(181).
35
Let p(o) = -6416*o + 3785480. What is p(590)?
40
Let j(c) = 5*c**3 - 55*c**2 + 388*c + 9. Determine j(9).
2691
Let p(d) = 15060*d - 1024112. Give p(68).
-32
Let k(x) = -x**3 + 404*x**2 + 239*x + 67258. Give k(405).
28
Let b(r) = 2*r**3 - 858*r**2 - 1388*r - 144821. Determine b(431).
-5
Let l(q) = -3*q**2 + 416*q - 3497. What is l(9)?
4
Let h(g) = 23*g**2 + 424*g - 405. What is h(-20)?
315
Let n(m) = -133*m**3 + 612*m**2 + 20*m - 17. What is n(5)?
-1242
Let n(s) = s**3 + 97*s**2 + 3*s + 15. Determine n(-97).
-276
Let h(y) = 22221*y**2 - 555505*y - 486. Calculate h(25).
14
Let c(u) = 31*u**3 - 5*u**2 - 247*u - 7. Give c(0).
-7
Let d(y) = -y**2 + 2404*y - 57060. Give d(24).
60
Let z(s) = -17216*s - 240937. Determine z(-14).
87
Let f(h) = -h**2 + 4825*h + 48369. What is f(-10)?
19
Let n(l) = -1993*l - 1715. Give n(-1).
278
Let r(z) = -20*z**3 - 372*z**2 - 744*z + 6. Calculate r(-2).
166
Let t(q) = 5*q**3 + q**2 + 38476*q - 2. Give t(0).
-2
Let c(i) = -26317*i + 342121. Determine c(13).
0
Let n(l) = 21567*l + 108000. Calculate n(-5).
165
Let i(h) = -h**3 - 46*h**2 + 194*h - 21. Determine i(4).
-45
Let q(k) = 2*k**3 - 375*k**2 - 183*k - 122. What is q(188)?
818
Let c(r) = -r**2 - 1105*r - 16381. Calculate c(-15).
-31
Let i(x) = 5*x**2 - 60*x - 33. Give i(6).
-213
Let s(o) = 8*o**2 - 2884. Calculate s(-22).
988
Let m(v) = v**2 + 90*v - 2916. What is m(26)?
100
Let a(r) = 27288*r - 81837. Give a(3).
27
Let j(q) = 16*q + 583. Give j(13).
791
Let b(s) = s**2 + 23*s - 620. What is b(-18)?
-710
Let q(r) = -r**2 + 916*r - 59205. Calculate q(70).
15
Let k(l) = -l**2 + 17*l + 234708. Calculate k(-476).
40
Let s(u) = -43*u**2 + 3100*u - 391. Give s(72).
-103
Let d(z) = z**3 + 78*z**2 + 310*z + 12015. Give d(-76).
7
Let i(s) = 8